 of j(1)?
2
Let z(t) = -t**2 - 6*t - 1. Let q be z(-6). What are the prime factors of q/(-2 - 188/(-96))?
2, 3
Suppose 3*a - 3*l - 358 = l, -242 = -2*a + 2*l. What are the prime factors of a?
2, 3, 7
Let t be (0 - 0)/3 + 5. Suppose -4*q = t*n - 104, -n + 50 = 2*q + n. What are the prime factors of q?
3, 7
Suppose 0 = -5*l - 0*l + 25. Let u(c) = c**3 + 7*c**2 + 5*c + 2. Let t be u(-6). Let i = t - l. What are the prime factors of i?
3
Let f = 9 - 5. What are the prime factors of (5*f - 1)/1?
19
Suppose 0 = 4*d + 9*g - 4*g - 37, 3*d = -3*g + 27. Suppose 0 = 5*x + 4 + 1, -v + d = 3*x. List the prime factors of v.
11
Suppose 2*g - g = 0. Let l = g + 0. Suppose l = 3*s - 0*s - 21. List the prime factors of s.
7
Let l = -19 - -87. What are the prime factors of l?
2, 17
Let n(b) be the first derivative of -3*b - b**2 - 2 + 1/3*b**3. List the prime factors of n(-3).
2, 3
Let d = -4 + 5. Let i be d*-3 - (5 + -14). Let j = 13 - i. What are the prime factors of j?
7
Suppose -u - 3*n = 3*u - 156, 2*u - 80 = -n. Suppose 0 = -4*o + 2*o + u. List the prime factors of o.
3, 7
Let b(n) = -n**3 - 4*n**2 + 5*n - 5. Let j be b(-5). Let r = j - -10. List the prime factors of r.
5
Suppose 2*f = -3*s + 25, 4*s - 3*f = -s + 10. Let h(d) = -s*d**3 - d + 2*d**2 + 7*d**3 - 2*d. What are the prime factors of h(2)?
2, 3
Let y(d) = -d - 1. Let f be y(-1). Suppose f*u = -5*u + 65. Let r = u - 7. List the prime factors of r.
2, 3
Let f = 1 - -3. Let w be (-1 - -1)/((-8)/f). List the prime factors of 12/((-6)/(-4) - w).
2
Suppose 0 = 5*u + 3*v - 75, 3*v - 51 = -5*u + 2*u. Let r = -5 + u. Suppose 2*j = r + 5. List the prime factors of j.
2, 3
Let q = 18 - 18. Suppose -53 = -2*a - c, q = -5*a + a - 5*c + 121. List the prime factors of a.
2, 3
Suppose 74 = o - 10. List the prime factors of o.
2, 3, 7
Let p(f) = 5*f + 1. Let g(v) = v + 1. Let q be g(0). Let u = 1 + q. List the prime factors of p(u).
11
Let p(b) = -12*b - 7. What are the prime factors of p(-6)?
5, 13
Let v = -33 + 65. What are the prime factors of v?
2
Suppose -5*f - 4*r = -0*f, 0 = -5*f - 5*r - 5. Suppose -42 = -f*s - 5*b, 5*s - 3*b = -4*b + 42. List the prime factors of s.
2
Let o(t) = -t**2 + 5*t - 4. Let a be o(3). Let p = a + 19. What are the prime factors of p?
3, 7
Let f = 151 + -39. What are the prime factors of f?
2, 7
Suppose -159 = 2*p - 5*p. What are the prime factors of p?
53
Suppose -3*v + 143 = -4*d, 4*v + 2*d - 198 = -0*d. List the prime factors of v.
7
Suppose -r + 4*r + 55 = 2*z, r = -2*z - 5. What are the prime factors of (-95)/r + 1/(-3)?
2, 3
Let q(s) = s**2 - 11*s + 12. Let w be q(10). Let h be 0*w/(-6) + 4. Suppose 0 = 5*r + 3*j - 61, -6*r + 2*j + 34 = -h*r. List the prime factors of r.
2, 7
Let z(f) be the first derivative of -f**6/120 - f**4/12 + f**3/6 + f**2 - 2. Let q(n) be the second derivative of z(n). What are the prime factors of q(-2)?
13
Suppose -2*r = -4*g - 16, -7 = -5*r - g - 0*g. What are the prime factors of r?
2
Suppose -6*s = -3*s - 345. What are the prime factors of s?
5, 23
Let l(q) = q - 17. Let r be l(10). List the prime factors of (-3 - 3)/2*r.
3, 7
Let d(q) be the first derivative of 11*q**4/4 + 2*q**3/3 - q**2/2 + 1. Let b be ((-2)/(-4)*4)/2. List the prime factors of d(b).
2, 3
Suppose 3*i - 4*i = -4. Suppose -b = h - i*h + 1, -2*b + 2 = -2*h. What are the prime factors of ((-5)/1)/(h*-1)?
5
Let o = 4 + -4. Suppose -2*d + d + 18 = o. What are the prime factors of d?
2, 3
Let j be (-4)/(-6) + 6/(-9). Suppose -i - 1 = c, -i + 0*c - 5*c + 3 = j. Let b = 5 + i. List the prime factors of b.
3
Let l be 3*2 + 8/(-4). Suppose k + 78 = l*k + 3*f, 3*k - 53 = 2*f. Let b = -9 + k. List the prime factors of b.
2, 3
Let w(h) = -h**2 + 11*h + 11. Let k be (-9)/(-6)*(-22)/(-3). List the prime factors of w(k).
11
Suppose -2*h - 7 = 2*v - 1, 0 = 2*h - v - 9. Suppose -d + h*d = 0. List the prime factors of -4 + 2 - (-4 - d).
2
List the prime factors of (4 - (0 - 1))*(-424)/(-20).
2, 53
Let g = 106 - 50. Suppose 0*p - u = -2*p + g, -4*u + 100 = 4*p. What are the prime factors of p?
3
Let r = 85 + -53. What are the prime factors of r?
2
Suppose -g + 5*q + 54 = 0, -3*q = -4*g + 241 + 43. What are the prime factors of g?
2, 37
Let l be (-10)/(-4)*16/(-4). Let d = l + 17. What are the prime factors of d?
7
Suppose -4*d - 5*i = -184, 4*d + 4*i = d + 138. List the prime factors of d.
2, 23
Suppose 2*p = 5*x - 2*p - 405, 0 = -4*x + 5*p + 333. List the prime factors of x.
7, 11
Let s(w) = w**3 + w**2 - 3*w + 117. What are the prime factors of s(0)?
3, 13
Let w = -30 - -50. List the prime factors of w.
2, 5
Suppose 2*b + 3 - 11 = 0. List the prime factors of b.
2
List the prime factors of ((-164)/6)/(20/(-30)).
41
Let x be (-14 + 0/(-2))/(-2). Let o be (12/14)/(1/x). Suppose 0 = o*w - 4*w - 6. What are the prime factors of w?
3
List the prime factors of 760/18 + 2/(-9).
2, 3, 7
Suppose -2*f = 2*f - 40. Let a = f + -4. List the prime factors of a.
2, 3
Let p(l) = l + 8*l - 11*l - 2 - 3*l. Suppose 4*n + 8 + 20 = -4*s, -3*n - 11 = -2*s. List the prime factors of p(s).
2
Let f(o) = -o**3 - 2*o**2 - 1 - 4 - 2*o**2 - 5*o. List the prime factors of f(-4).
3, 5
Suppose 0*m = -3*m + 4*b, -5*m - 4*b = -32. Suppose 0 = -m*l + 3*p - 7 - 5, -3*p + 12 = l. Let z = l - -6. What are the prime factors of z?
2, 3
What are the prime factors of (-210)/(-12)*36/21?
2, 3, 5
Let p(b) = b**2 + 5*b - 1. Let i be p(-6). Let o = i - 2. List the prime factors of o.
3
Suppose 2*a + 2*c + 12 = -a, 3*c = a - 7. List the prime factors of (-440)/(-16) - a/4.
2, 7
Let h(u) be the first derivative of -3*u**2 - 4*u + 2. List the prime factors of h(-4).
2, 5
Let m(o) = -o**3 + 5*o**2 + 7*o - 7. List the prime factors of m(-5).
2, 13
Let i = 6 - -14. What are the prime factors of i?
2, 5
Let m be (-12)/10 - (-1)/5. List the prime factors of -9*(-1 - (m + 1)).
3
Suppose 0 = -5*c - 5*h - 20, 3*h = c + h - 5. Let j be (-16)/(-6) - c/3. What are the prime factors of -2*((1 - j) + 1)?
2
Let u(r) = 4*r + 9. Let g be u(-5). Let v = g + 28. List the prime factors of v.
17
Suppose -2*r - 6 = 4*g, 4*g + 4 = -r - 1. Let s = 3 + g. Suppose -2*w = t - 33, -s*t - 70 = -7*w + 3*w. List the prime factors of w.
17
Suppose -7*a - 14 = -350. What are the prime factors of a?
2, 3
Suppose 16*n - 15*n = 29. What are the prime factors of n?
29
Let j = 13 - 5. What are the prime factors of j?
2
Let y(x) = x**2 + x + 5. Let c be y(0). Suppose 6 - 31 = -2*s - 5*r, -c*s + 4*r + 13 = 0. List the prime factors of (0 - 2/(-2)) + s.
2, 3
Suppose 32 = -2*k - 2*l, -3*k + 2*l - 5 = 28. Let z = -3 + -6. Let t = z - k. What are the prime factors of t?
2
Let v(x) = 3*x**3 - 3*x**2 - x. What are the prime factors of v(3)?
3, 17
Suppose 5*n = n + 264. Suppose 5*r + u + 21 = n, 0 = -3*u - 15. What are the prime factors of r?
2, 5
Let c(a) be the third derivative of 2/3*a**3 + 5/24*a**4 - 1/15*a**5 + 0 + 0*a - a**2 - 1/120*a**6. What are the prime factors of c(-5)?
2
Let s(i) = -2*i**3 + i**2 + 2*i - 3. Let c be s(3). Let p = -29 - c. List the prime factors of p.
13
Let i(g) = -4 - g + 1 + 0. Let w be i(-5). Suppose -24 = -h - w*h. List the prime factors of h.
2
Let r = 807 - 524. What are the prime factors of r?
283
Let w be 3/(((-2)/(-2))/1). Suppose 0 = w*s + s - 52. List the prime factors of s.
13
Let a be -10 - -37 - (1 - -1). Let j = 69 - a. What are the prime factors of j?
2, 11
List the prime factors of ((-164)/(-2))/(-9 + 11).
41
Let h be 24/14 - (-8)/28. Let q(p) = -p + p**h - p**3 - 10*p**2 + 8 + 1. What are the prime factors of q(-9)?
2, 3
Let w = -8 + 7. What are the prime factors of 30/((-2)/(-1 + w))?
2, 3, 5
Let k(q) = 23*q - 3. Let l be k(2). Suppose 2*b - l + 1 = 0. What are the prime factors of b?
3, 7
Let p(g) = g**3 + 6*g**2 + 3. Let m be p(-6). Suppose -20 = -2*j - m*l, 2*j + 3*j = -5*l + 55. Suppose i + 0*i = j. What are the prime factors of i?
13
Let h(p) = -4*p - 1. List the prime factors of h(-14).
5, 11
Suppose 5*x - 3*g + 14 = 0, -5*g + 15 = -0*g. What are the prime factors of 16 + x + 4 + -4?
3, 5
Suppose -4*q + 11 = -g, -4*q - 4*g = -8*g - 8. Suppose 4*s + 165 = q*u, 3*s - 144 = -u - 2*u. What are the prime factors of u?
3, 17
Let w be 3 + 0*3/(-12). List the prime factors of (28/12)/(w/45).
5, 7
Let x = -26 - -100. List the prime factor